late the remainder when 52 is divided by f(5).
25
Let u = -43 - -40. Calculate the remainder when 52 is divided by (-7)/(-21) - 83/u.
24
What is the remainder when 2219 is divided by (-2)/33 + 63544/858?
73
Let q(a) = 6*a**2 + 8*a - 6. What is the remainder when q(4) is divided by 14?
10
Calculate the remainder when 70 is divided by 5 + -2 + (16 - 1).
16
Calculate the remainder when -11*(-3)/(8/((-24)/(-9))) is divided by 1/1 - (-5)/1.
5
Suppose 0 = -4*a - 2*u + 7*u - 29, 34 = -5*a + 4*u. Let j = 30 + a. Calculate the remainder when 94 is divided by j.
22
Let b(f) = 12*f**2 - f + 1. Suppose -4*v - 2 = 14. What is the remainder when 5/(-20) - 141/v is divided by b(1)?
11
Let y = -5 + 8. Suppose y*a + 77 = 2*i, 5*a + 12 = a. What is the remainder when i is divided by 12?
10
Suppose 15*n = 100 + 80. What is the remainder when n is divided by 4?
0
Let v(i) = -4*i - 9. Let d be v(-6). What is the remainder when (-5)/(-25) + 388/10 is divided by d + (1 - (-2)/(-1))?
11
Suppose -6 = -c + 3. Suppose c*j - d = 12*j - 78, 5*d + 15 = 0. What is the remainder when (-108)/(-2 - -1) - 2 is divided by j?
25
Suppose -12 = 3*h, -5*h = -3*n + 1 + 25. Suppose 5*u - 115 = x + x, -5*x = -5*u + 100. What is the remainder when u is divided by 7*n/(-5)*(-10)/4?
4
What is the remainder when 118 is divided by -10 + (-1296)/(-132) - (-268)/22?
10
Suppose 0 = -d + 11*d + 190. Let q = d - -41. Calculate the remainder when q is divided by 3/12 + (-19)/(-4).
2
Suppose -3*i = 4*p + 10 - 94, 3*i + 84 = 3*p. Suppose 0 = -v + 6*v + 90. What is the remainder when p is divided by v/(1*10/(-5))?
6
Let w = 1156 - 1140. What is the remainder when 29 is divided by w?
13
What is the remainder when (150/(-8))/((-42)/112) is divided by 22?
6
Let i be (-48 - 0)*(1 - 3). Suppose 4 + i = 5*v. Calculate the remainder when 78 is divided by v.
18
Let f be (0 - 2)*-11 - -3. Let g = 31 - f. What is the remainder when g is divided by 6?
0
Let y(p) = p**2 + 3*p + 5. Let n be y(0). Calculate the remainder when (-142)/(-6) + n/((-15)/(-4)) is divided by 9.
7
Let a(i) = 23*i + 3. Let q be a(4). Calculate the remainder when 2318/q - 6/(-10) is divided by 7.
4
Calculate the remainder when 74 is divided by 2 + (-221)/(-7) - (-9)/21.
6
Suppose 4*f - 3*u = -5, -f - 5*u + 1 = -15. Suppose 4*a + m = 49, 2*a - a - f = -4*m. Calculate the remainder when a is divided by 56/6*72/84.
5
Calculate the remainder when (16 - -64) + (-3)/(-1) is divided by 23.
14
Let u(g) = -2*g + 39. Let r(v) = -v + 9. Calculate the remainder when r(-8) is divided by u(15).
8
Let v = -66 + 67. Let w = -13 + 23. Calculate the remainder when (w - v)/(1/3) is divided by 14.
13
Let x(d) = -2*d**3 - 4*d**2 + 2. Let t be x(-4). Suppose -t = 2*g - 5*g. Let r = g + -6. What is the remainder when r is divided by 9?
7
Let r(w) = -7*w - 15. What is the remainder when (0 - 2)*50/(-4) is divided by r(-4)?
12
Suppose -4*r + q = -30, 3*q - 5*q - 39 = -5*r. What is the remainder when 795 is divided by r?
4
Let b(h) = -h**3 + 5*h**2 - 4*h + 12. What is the remainder when 87 is divided by b(3)?
15
Let d(h) = -13*h + 7. Let p(k) = -2*k - 1. Let x be p(-3). Suppose -n - x = -27. Calculate the remainder when d(-6) is divided by n.
19
Let b(c) = 3*c**2 - c + 8. Calculate the remainder when 36 is divided by b(0).
4
Let x(o) = 2*o - 27. Let q be x(16). Suppose 0 = 3*a - a - q*h - 19, 0 = -5*a + h + 59. What is the remainder when a is divided by 8?
4
Suppose 70*d - 61*d - 783 = 0. Calculate the remainder when 292 is divided by d.
31
Let n be 15*(-1 - (-14)/6). Suppose 0 = 2*i - n - 34. Suppose -5*w + 30 = -b, -2*w - 16 = -5*b - 5. Calculate the remainder when i is divided by w.
6
Let m(x) = -x**3 + 7*x**2 - 3*x + 3. Let j(f) = f + 8. What is the remainder when m(5) is divided by j(6)?
10
Suppose -8*v + 1848 = 48*v. What is the remainder when 390 is divided by v?
27
Suppose -34*b - 109 = -2*a - 29*b, -194 = -4*a + 2*b. Let s = 37 + -20. What is the remainder when a is divided by s?
13
Let n = 32 + -30. Calculate the remainder when 18 is divided by (-1)/n*(-6 - 8).
4
Let t be 8 + 3 + (-11 - -4). Let h = 34 - t. Calculate the remainder when h is divided by 16.
14
Let p(x) = 4*x - 21. Let t be 7 + (2 - (-2)/(-2)). What is the remainder when 32 is divided by p(t)?
10
Let n be (-6)/4 + (-112)/(-32). Suppose 4*h + 134 = -n*k, 2*k = 3*k - 1. Let d = h + 59. What is the remainder when 97 is divided by d?
22
Let p(z) be the third derivative of z**6/120 - z**5/60 - z**4/8 + 7*z**3 - 24*z**2. What is the remainder when p(0) is divided by 22?
20
Let a = 1771 - 1695. What is the remainder when a is divided by 44?
32
Suppose -t + 75 = -2*m + 7*m, 60 = 4*m - t. Suppose 15 - 3 = 2*v. What is the remainder when m is divided by v?
3
Let x(q) = -q**3 - 3*q**2 - 2*q + 3. Let p be x(-4). Let i = -17 + p. Calculate the remainder when i is divided by (-12)/(-16)*(-4 - -8).
1
Let t(p) = 23*p - 29. Let h be t(6). Suppose -2*g = 4*a - 32, 4*a = 5*g + 1 - h. What is the remainder when 119 is divided by g?
19
Let l(c) = 3*c + 24. Let p(r) = -6*r - 48. Let w(y) = -9*l(y) - 4*p(y). What is the remainder when w(-23) is divided by 12?
9
Suppose -y + 44 = 3*w, -6*y + 3*w - 157 = -526. Calculate the remainder when 587 is divided by y.
56
Let m = 79 - 53. Suppose 4*h = -h - 30. Let b(j) = -12*j + 5. What is the remainder when b(h) is divided by m?
25
Let f(n) = -51*n. What is the remainder when f(-2) is divided by 1/(-8) + 2/(-36)*78399/(-124)?
32
Let p(m) = -4*m + 50. Let d(y) = 6*y - 75. Let i(w) = -5*d(w) - 8*p(w). Let j(a) = -a**2 - 6*a + 8. What is the remainder when j(-6) is divided by i(15)?
3
Let v be (-15 + 21)*1/1. Suppose 0*l = v*l - 1362. What is the remainder when l is divided by 23?
20
Let x = -1276 - -1295. Calculate the remainder when 110 is divided by x.
15
Suppose 3*k - 2*w - 32 - 46 = 0, -3 = -w. Calculate the remainder when 249 is divided by k.
25
Let m(g) = -g**2 + 19*g - 14. What is the remainder when m(6) is divided by 7?
1
Suppose 4*y - 1745 = -4*v + v, v + 1 = 0. What is the remainder when y is divided by 88?
85
Let y = -3 - -5. Suppose b - 4*b + 49 = y*n, 21 = 2*b - n. What is the remainder when 37 is divided by b?
11
Let x(d) = 3*d**3 + 3*d**2 + 2*d - 3. Let p be x(2). Let g = p + -32. What is the remainder when 17 is divided by g?
2
Suppose -4*i + 5 = -15. Suppose -4*p = -i*j - 100, 4*j = -0*j. Suppose -602 + 164 = -6*h. Calculate the remainder when h is divided by p.
23
Suppose 223 = f - 164. Suppose -3*a + 0*t = -3*t - f, 0 = 4*a + 2*t - 522. Calculate the remainder when a is divided by 22.
20
Suppose 2*m - 240 = 2*z, -231 = -2*m + 9*z - 10*z. What is the remainder when 460 is divided by m?
109
Suppose 0 = -3*z - 1 + 4. Let j be (-12)/(-8) - 2/(-4). What is the remainder when -1 + 5 - j - 0 is divided by z?
0
Suppose -3*h - 7 = -2*z, 8*h + 13 = 4*z + 3*h. Suppose -2*b - g = -z*g + 4, 5*b - 2*g = -12. What is the remainder when 17 is divided by (b - 2)/2 + 13?
7
Suppose 3*b = 2*t + 109, 0*b + 256 = -5*t + 2*b. Let a = -7 - t. Calculate the remainder when 212 is divided by a.
40
Let w(f) = 5*f**3 - 96*f**2 + 31*f + 29. Calculate the remainder when w(19) is divided by 26*2*(2 - 1).
49
Let r = -25 - -79. Let b = r + -37. What is the remainder when b is divided by 9?
8
Suppose 0 = -9*g + 27*g - 414. What is the remainder when 296 is divided by g?
20
Suppose -1848 = 43*r - 57*r. Calculate the remainder when r is divided by 15.
12
Suppose 176 = 2*h + 4*y, -3*h + 2*y + y + 273 = 0. Suppose 10 = -5*j + h. What is the remainder when 33 is divided by 2/j - (-190)/16?
9
Suppose 18*m - 690 = 102. Let i be (-6)/21 + (-30)/(-7). Suppose 0 = 6*n - n - i*j - 99, 2*n + 3*j - 58 = 0. What is the remainder when m is divided by n?
21
Let t(h) = -h + 32. Let o be t(-9). Suppose o*j = 46*j - 70. Calculate the remainder when 52 is divided by j.
10
Let z(p) = p**2 + 4. Let k(i) = -6 - 6 + 2 - i. Let v be k(-3). What is the remainder when z(v) is divided by 27?
26
Suppose 27*q + 13792 = 59*q. What is the remainder when q is divided by 110?
101
Calculate the remainder when 85 is divided by 13/(65/30) - -5.
8
Suppose 4*b = i + 3, b - 2*i = 2*b + 6. Suppose b = 7*a - 4*a - 30. Calculate the remainder when 28 is divided by a.
8
Let r(x) = 28*x**2 - 2*x + 8. Let p be r(2). Let m = p - 109